 of 17?
False
Does 3 divide 229?
False
Does 22 divide 10035?
False
Does 14 divide 439?
False
Is 12 a factor of 10103?
False
Is 20 a factor of 7540?
True
Does 255 divide 25197?
False
Is 260 a factor of 37440?
True
Is 16 a factor of 90336?
True
Is 95 a factor of 1235?
True
Does 20 divide 6609?
False
Is 179 a factor of 12351?
True
Is 228 a multiple of 19?
True
Is 210 a multiple of 10?
True
Is 4250 a multiple of 23?
False
Is 24 a factor of 672?
True
Does 5 divide 425?
True
Is 1764 a multiple of 49?
True
Is 78 a factor of 5345?
False
Is 58608 a multiple of 8?
True
Does 48 divide 11154?
False
Does 18 divide 15282?
True
Is 112 a multiple of 8?
True
Is 10 a factor of 4420?
True
Does 87 divide 5307?
True
Is 2324 a multiple of 66?
False
Is 138 a multiple of 43?
False
Does 7 divide 4067?
True
Does 8 divide 96?
True
Does 5 divide 277?
False
Does 25 divide 2275?
True
Is 649 a multiple of 20?
False
Is 15 a factor of 2760?
True
Does 54 divide 8166?
False
Is 1140 a multiple of 19?
True
Is 8 a factor of 48?
True
Is 60 a multiple of 10?
True
Is 4200 a multiple of 84?
True
Is 35 a factor of 14777?
False
Does 13 divide 4240?
False
Is 980 a multiple of 16?
False
Does 23 divide 1311?
True
Is 23530 a multiple of 18?
False
Is 95 a factor of 760?
True
Is 23 a factor of 732?
False
Is 179 a factor of 4654?
True
Does 28 divide 40834?
False
Is 60 a factor of 8460?
True
Is 19 a factor of 855?
True
Is 41 a factor of 16751?
False
Is 1508 a multiple of 26?
True
Does 103 divide 17716?
True
Is 26 a factor of 10236?
False
Does 13 divide 8801?
True
Is 8265 a multiple of 95?
True
Does 2 divide 2247?
False
Is 794 a multiple of 19?
False
Does 13 divide 59930?
True
Does 29 divide 203?
True
Does 33 divide 1188?
True
Is 2117 a multiple of 8?
False
Is 12220 a multiple of 65?
True
Does 5 divide 730?
True
Is 122431 a multiple of 313?
False
Is 25 a factor of 4408?
False
Is 22 a factor of 462?
True
Is 1821 a multiple of 3?
True
Does 9 divide 553?
False
Is 929 a multiple of 77?
False
Is 995 a multiple of 7?
False
Is 3 a factor of 64?
False
Is 898 a multiple of 23?
False
Does 44 divide 13133?
False
Does 9 divide 1152?
True
Is 210 a multiple of 8?
False
Is 25 a factor of 555?
False
Does 17 divide 442?
True
Is 61 a multiple of 18?
False
Is 72 a factor of 12658?
False
Is 130 a factor of 24700?
True
Is 2045 even?
False
Is 46 a factor of 6858?
False
Does 43 divide 1505?
True
Does 38 divide 2698?
True
Is 23 a factor of 1183?
False
Is 22 a factor of 990?
True
Is 19 a factor of 37338?
False
Is 412 a multiple of 18?
False
Is 2 a factor of 166?
True
Is 1203 a multiple of 39?
False
Is 22 a factor of 198?
True
Does 15 divide 161?
False
Is 17502 a multiple of 145?
False
Is 13 a factor of 2434?
False
Is 5130 a multiple of 15?
True
Is 959 even?
False
Is 6492 a multiple of 17?
False
Does 22 divide 730?
False
Is 1004 a multiple of 8?
False
Is 448 a multiple of 28?
True
Is 1680 a multiple of 4?
True
Is 34 a factor of 5401?
False
Is 9864 a multiple of 4?
True
Is 99 a factor of 2309?
False
Does 18 divide 58986?
True
Does 198 divide 6336?
True
Is 285 a multiple of 24?
False
Does 233 divide 13435?
False
Is 25 a factor of 11943?
False
Is 62 a multiple of 5?
False
Is 40552 a multiple of 35?
False
Does 98 divide 1589?
False
Does 13 divide 835?
False
Is 184 a multiple of 4?
True
Is 9 a factor of 1332?
True
Is 12 a factor of 4188?
True
Does 9 divide 510?
False
Is 13 a factor of 779?
False
Does 14 divide 812?
True
Is 6156 a multiple of 171?
True
Is 60 a factor of 1140?
True
Is 25510 a multiple of 22?
False
Is 450 a multiple of 6?
True
Does 2 divide 94?
True
Is 149 a multiple of 2?
False
Is 71 a factor of 24694?
False
Is 3702 a multiple of 6?
True
Is 3896 a multiple of 6?
False
Does 26 divide 38376?
True
Is 66723 a multiple of 39?
False
Is 299 a multiple of 28?
False
Is 7 a factor of 4695?
False
Is 1285 a multiple of 13?
False
Is 923 a multiple of 71?
True
Is 22 a factor of 24926?
True
Does 64 divide 3243?
False
Does 36 divide 12602?
False
Is 308 a factor of 52052?
True
Is 1883 a multiple of 81?
False
Is 3795 a multiple of 23?
True
Is 26970 a multiple of 174?
True
Is 25 a factor of 705?
False
Does 7 divide 5502?
True
Is 19 a factor of 1867?
False
Is 736 a multiple of 13?
False
Is 82 a factor of 2624?
True
Is 42 a factor of 41118?
True
Does 47 divide 907?
False
Is 34 a factor of 3618?
False
Does 30 divide 3360?
True
Is 8621 a multiple of 43?
False
Is 12 a factor of 2244?
True
Does 6 divide 8862?
True
Does 16 divide 5542?
False
Does 33 divide 43995?
False
Does 28 divide 45350?
False
Is 75371 a multiple of 29?
True
Is 67 a factor of 15142?
True
Is 15 a factor of 480?
True
Is 57 a factor of 2166?
True
Is 127 a multiple of 14?
False
Is 318 a multiple of 2?
True
Is 6 a factor of 86?
False
Is 5 a factor of 3209?
False
Is 522 a multiple of 14?
False
Does 34 divide 504?
False
Is 25 a factor of 853?
False
Is 35987 a multiple of 337?
False
Is 37 a factor of 5846?
True
Is 14 a factor of 1512?
True
Does 56 divide 4256?
True
Is 63 a factor of 126?
True
Is 42 a factor of 6846?
True
Is 49 a factor of 3920?
True
Is 1008 a multiple of 28?
True
Is 67348 a multiple of 8?
False
Is 195 a factor of 3705?
True
Is 240 a multiple of 4?
True
Is 1669 a multiple of 15?
False
Does 83 divide 2820?
False
Does 14 divide 1144?
False
Is 1503 a multiple of 9?
True
Is 24 a factor of 744?
True
Is 4 a factor of 5802?
False
Is 8928 a multiple of 7?
False
Is 24 a factor of 3276?
False
Does 35 divide 3010?
True
Is 19 a factor of 6118?
True
Is 83 a factor of 9628?
True
Does 13 divide 34717?
False
Is 27 a factor of 1535?
False
Does 20 divide 976?
False
Is 1864 a multiple of 3?
False
Is 39 a factor of 3904?
False
Is 8 a factor of 1864?
True
Does 31 divide 1116?
True
Does 92 divide 92?
True
Does 11 divide 44?
True
Is 57 a factor of 1897?
False
Does 14 divide 18802?
True
Does 3 divide 3601?
False
Is 61160 a multiple of 44?
True
Is 17317 a multiple of 8?
False
Does 14 divide 490?
True
Does 93 divide 4929?
True
Does 36 divide 6588?
True
Is 4018 a multiple of 98?
True
Is 3062 a multiple of 83?
False
Does 105 divide 3078?
False
Is 4 a factor of 72?
True
Is 2863 a multiple of 12?
False
Is 24 a factor of 90140?
False
Is 46 a factor of 414?
True
Is 25642 a multiple of 32?
False
Does 45 divide 2520?
True
Does 14 divide 19194?
True
Is 15 a factor of 53891?
False
Does 62 divide 4429?
False
Does 141 divide 4861?
False
Does 7 divide 721?
True
Does 106 divide 1494?
False
Does 39 divide 801?
False
Is 83 a factor of 31203?
False
Does 93 divide 23343?
True
Is 30 a factor of 5453?
False
Is 4363 a multiple of 19?
False
Does 7 divide 694?
False
Is 3 a factor of 2541?
True
Is 112 a multiple of 3?
False
Is 34 a factor of 5722?
False
Is 7157 a multiple of 108?
False
Is 78 a factor of 7254?
True
Does 25 divide 1822?
False
Is 10344 a multiple of 12?
True
Is 34 a multiple of 5?
False
Does 2 divide 305?
False
Does 18 divide 120816?
True
Does 22 divide 378?
False
Does 113 divide 16411?
False
Is 2 a factor of 1422?
True
Is 1183 even?
False
Does 18 divide 26856?
True
Is 2186 a multiple of 10?
False
Does 9 divide 586?
False
Does 46 divide 276?
True
Is 191 even?
False
Is 12 a multiple of 2?
True
Is 65530 a multiple of 124?
False
Does 8 divide 26331?
False
Is 5198 a multiple of 30?
False
Does 4 divide 6432?
True
Does 231 divide 15351?
False
Does 54 divide 5076?
True
Does 2 divide 154?
True
Does 10 divide 500?
True
Is 11759 a multiple of 71?
False
Is 852 a multiple of 17?
False
Is 11520 a multiple of 10?
True
Does 3 divide 7623?
True
Is 6 a factor of 9?
False
Is 3 a factor of 40?
False
Is 17803 a multiple of 5?
False
Is 31 a factor of 24272?
False
Does 43 divide 60366?
False
Does 3 divide 287?
False
Is 1951 even?
False
Does 211 divide 24898?
True
Is 9 a factor of 306?
True
Does 17 divide 1054?
True
Does 5 divide 33770?
True
Is 16 a factor of 41600?
True
Is 24016 a multiple of 152?
True
Is 56 a factor of 108808?
True
Does 5 divide 2655?
True
Does 13 divide 764?
False
Is 3306 a multiple of 58?
True
Is 47628 a multiple of 36?
True
Is 13200 a multiple of 220?
True
Is 1198 a multiple of 31?
False
Does 96 divide 2219?
False
Is 8206 a multiple of 22?
True
Does 13 divide 2587?
True
Is 203 a multiple of 2?
False
Does 5 divide 80?
True
Is 15 a factor of 76?
False
Is 544 a multiple of 68?
True
Is 16 a fac